y(j).
4
Suppose 0 = -0*m - 4*m + 2*r + 18, -2*r = 4*m - 30. Let s(q) = -13*q**2 - 14*q + 12. Let b(f) = 5*f**2 + 6*f - 6. Let t(z) = 5*b(z) + 2*s(z). Give t(m).
-30
Let m(n) be the third derivative of n**6/120 + 11*n**5/60 + 7*n**4/12 + 29*n**3/6 - 5097*n**2. What is m(-9)?
65
Let z(r) = -3*r - 27. Suppose -24 = -28*w - 6*w - 330. What is z(w)?
0
Let w = -877 - -871. Let p(i) be the first derivative of -i**4/4 - 5*i**3/3 + i**2 - 5*i - 16. Calculate p(w).
19
Let r be (30/8)/(3/16). Suppose r*s = 16*s - 40. Let w(p) = -p**3 - 9*p**2 + 8*p - 12. Give w(s).
8
Let f = -5856 + 5887. Let w(x) = -2*x**2 + 58*x + 112. Determine w(f).
-12
Let s(p) = -2*p + 22. Let q be s(9). Let k(x) be the second derivative of -x**5/20 + x**4/6 - x**3/3 + 3*x**2/2 - 2*x - 348. Give k(q).
-37
Let s(b) = b - 5. Suppose w + 3*h = 16, 1 = 2*w - h + 4. Let q be (w - (-26)/(-6))*(-6)/4. Suppose z = -0*z - 2*f - 10, q*z - 2*f - 10 = 0. What is s(z)?
-5
Let v(w) = 4*w - 2. Let c(t) = 7*t + 25. Let n be c(-4). Let q be (-1)/((n/2)/(39/26)). What is v(q)?
2
Let o(j) = 13*j - 12. Let h(c) = 24*c - 25. Let w(l) = -6*h(l) + 11*o(l). Let q be w(16). Let a(r) = 4*r. Determine a(q).
8
Let j be (-4)/16*-44 + 6 + 3. Let r(d) = -2*d**2 + 36*d + 43. Determine r(j).
-37
Let q(z) be the third derivative of 0*z - 1/6*z**4 - 7 - 7/6*z**3 - 6*z**2. What is q(7)?
-35
Let a(l) be the second derivative of l**5/24 + l**4/24 + l**3/6 - 79*l**2/2 - 3*l - 1. Let g(s) be the second derivative of a(s). Give g(-2).
-9
Let s(c) = 6 - 3*c + 5*c**3 - 6*c**3 - 5*c + 9*c**2. Let g be (36/42)/6 - (-39)/21. Suppose -3*r + 2*r = w - 4, 4*r = -g*w + 24. What is s(r)?
6
Let r be 16*(0 + -2 + 15/6). Let t = 3 + r. Let s(i) = -i - t + 174*i**2 - 87*i**2 - 88*i**2. Give s(0).
-11
Let k(x) = 10*x - 1. Let o(h) = -21*h + 2. Let n(b) = -9*k(b) - 4*o(b). Let m be 45/35 + 12/(-42) + -4. Determine n(m).
19
Let b(i) = 4*i**2 - 863*i + 865. Let d be b(1). Let m(t) = -3*t**2 + 24*t - 30. What is m(d)?
6
Suppose -192*m = 282 + 102. Let o(c) = 4*c**2 + c - 11. What is o(m)?
3
Suppose -30 = -3*y + 4*b, -7*y - 4*b + 50 = -2*y. Let z be 4*2*5/y. Suppose -5*n = -4*f - 11, -2 = -5*f - z*n + 15. Let o(r) = -r - 1. What is o(f)?
-2
Suppose -8*y = -13*y + a + 17, -3*y = -5*a - 19. Let w(x) be the first derivative of 0*x**y + 1/2*x**2 - 12 - 15*x - 1/4*x**4. Calculate w(0).
-15
Let a(c) = -c**3 + 6*c**2 - 6*c. Suppose -2*m + 70 = 12*m. Suppose -3*p + 9 = 0, 11 - 2 = -2*d + m*p. Calculate a(d).
9
Let o(l) = -21*l - 8. Let y be ((-2)/(-3))/((-4)/(-162)). Suppose 4*c = c + y. Let z(n) = 5*n + 2. Let q(v) = c*z(v) + 2*o(v). Determine q(-5).
-13
Let l(g) = g - 15. Let w(v) = -55 + 115 - 62. Let q(j) = l(j) - 4*w(j). Determine q(9).
2
Let l(x) be the third derivative of x**4/8 + x**3 + 7*x**2. Suppose -5*h + h + 4*p - 36 = 0, h + 2*p = 6. Calculate l(h).
-6
Let d be 8/3*1152/256. Let t(r) = -r**2 + 7*r + 38. Determine t(d).
-22
Let l(c) = 4*c**2 - 208*c - 6. Let s be l(52). Let i(n) = n**3 + 9*n**2 + 5*n + 5. Calculate i(s).
83
Suppose -4*x + 44 = 4*u, -2*u + u + 2*x + 2 = 0. Suppose -4*q = -4*k + u, 2*q - 4*k = 3*q - 23. Let g(p) = -8 - 2*p + 3*p**2 + q*p - 5*p**2 + 12. What is g(3)?
-11
Suppose n = -n - 4*c + 26, -4*c = -3*n + 9. Let z(t) = 49*t + 43*t - 134*t + 44*t. Let y(i) = -6*i - 2. Let g(f) = y(f) + 2*z(f). What is g(n)?
-16
Let y(m) be the third derivative of m**6/120 - 13*m**5/60 - 2*m**4/3 + 19*m**3/6 + 2*m**2. Let g = 32841 - 32827. What is y(g)?
-9
Let l(f) = -f**3 - 5*f**2 - 2*f + 5. Suppose 30*k + 4 = 484. Suppose 87*s = 91*s + k. Determine l(s).
-3
Suppose -691*m + 692*m = 5. Let s(t) = -17*t + 90. What is s(m)?
5
Let b(r) be the second derivative of -4*r**3/3 - 25*r**2/2 - 9*r - 62. What is b(-4)?
7
Suppose -16 = 2*r - 20. Let y(b) = -b + 19 + 21*b**r + 39*b**2 - 59*b**2. What is y(0)?
19
Let i(a) = -125 - 6*a - 443*a**2 - 4*a + 884*a**2 + 0*a - 440*a**2. Determine i(17).
-6
Suppose -4 = 2*k - 3*h + 4*h, -2*h - 8 = -2*k. Suppose k = -5*u - 0*u + 40. Let m(w) = -4 - u*w + 6*w - 3*w + 3*w. What is m(-6)?
8
Let c(f) = -7*f + 992. Let x(o) = -36*o + 5457. Let j(y) = 11*c(y) - 2*x(y). Let n(b) = 6*b**2 - b. Let l be n(-1). What is j(l)?
-37
Let h(g) be the second derivative of 17*g**3/6 + 71*g**2 - 56*g. What is h(-9)?
-11
Suppose 4*i - 1 = -3*r, 0 = 2*i + 5*r + 12 + 5. Suppose 4*g - 8*g - i = 0. Let l(x) = -4 + 7*x**2 + 3 - 7*x**2 + 2*x**2 - 2*x. Calculate l(g).
3
Let a(p) = 1523*p + 4547. Let o be a(-3). Let y(h) = -h**3 - 21*h**2 + 26*h + 97. Calculate y(o).
9
Let q(t) = -3*t**2 - 114*t - 426. Let r be q(-34). Let s(l) = -l**3 - 17*l**2 + 21*l + 52. Calculate s(r).
-2
Let i(x) = x**2 - 10*x + 4. Let s(p) = p - 1. Let r = 14 - 13. Let h(a) = r*i(a) + 2*s(a). Let k be 243/45 + 9/(-15)*-1. Give h(k).
-10
Let p(u) = 26 - 47441*u + 0 + 47440*u. Calculate p(15).
11
Let j(v) = -v**3 - v + 1. Suppose 0 = 3*c + g - 19 + 31, 3*c + 5*g + 24 = 0. Let s be 6 - (c/(-2))/(3/16). What is j(s)?
11
Let s(v) be the first derivative of 13/2*v**2 + 1/20*v**5 - 3 - 3/4*v**4 - 1/6*v**3 + 3*v. Let p(a) be the first derivative of s(a). Calculate p(9).
4
Let j be 46/(-50) + (5 - 1143/225). Let g(u) = 29*u**3 + u + 2. Calculate g(j).
-28
Let s be (-34)/51*(-1 + -2). Let t(p) = -p**2 + 193 - s*p**3 + 2*p**2 - 4*p**2 - 192. What is t(2)?
-27
Suppose -354 = -46*j + 159 + 131. Let n(k) = k - 1. Determine n(j).
13
Let h(f) = 4*f - 18. Let t = -213 - -213. What is h(t)?
-18
Let w(l) = -l**3 + 4*l**2 + 8*l - 3. Let x(g) = -15*g**3 - 2*g**2 - 2*g - 1. Let q be x(-1). Suppose -3*c + 15*r + 20 = q*r, -4*c = r - 22. What is w(c)?
-27
Let n(r) be the first derivative of -3*r**2 + 2*r + 1. Let y = 84657 - 84659. Calculate n(y).
14
Let v(k) be the first derivative of -k**4/4 - k**3/3 + 6*k - 38. Let w be (-4)/32 - 2/(-16). What is v(w)?
6
Let p(s) = -9*s + 2. Let l be p(0). Let j(h) = 18*h - 1. Let c(q) = -23*q + 2. Let i(n) = -4*c(n) - 5*j(n). Calculate i(l).
1
Let x(w) = -29*w**2 - 2*w + 1. Let k(z) = 41*z**2 + 3*z - 2. Let f(n) = -3*k(n) - 4*x(n). Give f(1).
-6
Let l(t) = t**2 - 8*t + 2. Let a(w) = -2*w**2 - 2*w - 1. Let q(o) = -17*o**2 - 9*o - 3. Let k(p) = 3*a(p) - q(p). Let c be k(-1). Determine l(c).
2
Let v(g) = 7*g**3 - 13*g**2 + 35*g - 62. Let x(l) = 13*l**3 - 26*l**2 + 65*l - 125. Let j(q) = -15*v(q) + 8*x(q). Give j(-13).
-5
Let t = -18506 - -18506. Let d(f) be the third derivative of -f**3 - 1/24*f**4 - 12*f**2 + 0 + t*f. Calculate d(-6).
0
Let a be ((-14)/(-4))/(2/4). Let u(q) be the first derivative of q**2/2 + 10*q + 42277. Calculate u(a).
17
Suppose -2*o = -4*d - 865 + 841, -2 = 2*d + 4*o. Let y(j) = -j**3 - 3*j**2 + 3. Calculate y(d).
53
Let q(o) = 3*o - 12. Let v = -110 + 114. Suppose -5*l = g - 21, -3 = -v*g + 2*l + 15. Let k(m) = m - 2. Let j(a) = g*k(a) - q(a). Calculate j(3).
9
Let l(k) = k + 4. Let m = 65 + -63. Let n be (2/5)/((10/75)/m). Suppose -o + 2 - n = 0. Determine l(o).
0
Let x(v) = 20*v + 3. Let a be x(0). Let h(g) = 8*g - 29*g + 10*g + 7*g + a. Determine h(2).
-5
Suppose 8 = 3*t + t. Let s(u) = 6*u**2 - 3*u + t*u - 3*u - 5*u**2 - 7. Let w be (-70)/(-5)*(150/(-42) + 4). What is s(w)?
5
Let z(n) = -2*n**2 - 4*n + 7. Let b(h) = 4*h**2 + 12*h - 16. Let c(f) = 4*b(f) + 10*z(f). Calculate c(7).
-134
Let i = -121 + 128. Let s(a) be the first derivative of -a**2 + 11*a - 317. Calculate s(i).
-3
Let n(i) = -i**3 + 8*i**2 - 8*i + 1. Suppose -1291 = 17*w - 5541. Let p = 257 - w. What is n(p)?
-6
Let k(v) be the first derivative of -10 + 9/2*v**2 + 3*v. What is k(-2)?
-15
Let t = -7 - -10. Let p be 2/5 - ((-24)/15 - t). Suppose 0 = -p*f + 2*f - 4*o - 27, 2*f - 3*o + 1 = 0. Let y(b) = -b**2 - 4*b + 7. Give y(f).
2
Let v(d) be the first derivative of -8*d**3/3 + d**2/2 + d - 653. Calculate v(-1).
-8
Let c be (-1 - 0/1) + 4. Let h(p) be the first derivative of -1/2*p**2 + 55 + 7*p. Give h(c).
4
Suppose -2*w = -2*o + 6, -13 + 7 = 37*w - 2*o. Let x(f) = -f**3 + 6*f**2 + 2*f - 29. Calculate x(w).
-29
Let j(n) be the third derivative of n**6/360 - 7*n**5/120 - 11*n**4/24 + 4*n**3/3 + 16*n**2 - 3*n. Let c(b) be the first derivative of j(b). Give c(9).
7
Suppose 0 = 2*a - 6, 26 = 3*w + 10*a - 4. Let r(o) be the third derivative of -7*o**2 - 23/120*o**6 + 0*o + 1/60*o**5 + 0*o**4 + w*o**3 + 0. Determine r(1).
-22
Let r(y) = -3*y - 56. Let d be (-5